{"id":3826,"date":"2025-04-02T15:51:47","date_gmt":"2025-04-02T13:51:47","guid":{"rendered":"https:\/\/spark-valais.ch\/?post_type=event&#038;p=3826"},"modified":"2025-04-03T11:25:48","modified_gmt":"2025-04-03T09:25:48","slug":"conference-sur-lintegration-de-lhypoxie-dans-lentrainement-de-haut-niveau-de","status":"publish","type":"event","link":"https:\/\/spark-valais.ch\/de\/event\/conference-sur-lintegration-de-lhypoxie-dans-lentrainement-de-haut-niveau-de\/","title":{"rendered":"Konferenz \u00fcber die Integration von Hypoxie in das Hochleistungstraining"},"content":{"rendered":"\n<p><strong>Das Hypoxie-Training hat sich als ein Schl\u00fcsselhebel zur Optimierung der Leistung von Spitzensportlern etabliert. Aber wie l\u00e4sst es sich effektiv in die sportliche Vorbereitung integrieren? Welche Modelle und Methoden sind am relevantesten? Welche konkreten Vorteile ergeben sich f\u00fcr Disziplinen wie Ski Alpin, Radsport oder Fechten?<\/strong><\/p>\n\n\n\n<p>Auf dem Programm stehen:<\/p>\n\n\n\n<p>Bei dieser Konferenz kommen Experten auf diesem Gebiet zusammen, um Antworten auf diese Fragen zu geben und konkrete Erfahrungsberichte auszutauschen. Gr\u00e9goire Millet, Professor an der Universit\u00e4t Lausanne und anerkannter Spezialist f\u00fcr Training unter hypoxischen Bedingungen, wird die neuesten wissenschaftlichen Fortschritte und die besten Anwendungsstrategien vorstellen.<\/p>\n\n\n\n<p>Danach folgen Fallbeispiele aus der Praxis mit Arnaud Rapillard (Next Percent), der \u00fcber seine Arbeit mit einer Medaillengewinnerin berichten wird, Patrick Flaction (Elitment), der seine Erfahrungen mit Spitzenskifahrern teilen wird, Audrey Chaperon (Elitment), die \u00fcber die Fechterin der Nationalmannschaft, Angeline Favre, sprechen wird, und William D\u00e9glise (Swiss Team-Swiss Ski Mountaineering-CAS\/SAC), der seine Erfahrungen mit der Integration von Hypoxie in das Training junger Skibergsteiger vorstellen wird.<\/p>\n\n\n\n<p>Der Abend endet mit einem gem\u00fctlichen Aperitif, der den Austausch zwischen Teilnehmern und Experten f\u00f6rdert.<\/p>\n\n\n\n<p>Kommen Sie zu uns und erkunden Sie die Perspektiven, die das Hypoxietraining bietet, und bereichern Sie Ihren Ansatz zur sportlichen Leistung!<\/p>\n\n\n\n<p><\/p>\n\n\n\n<p>Auf der Tagesordnung:<\/p>\n\n\n\n<ul class=\"wp-block-list\">\n<li>18.00 Uhr Empfang und Begr\u00fc\u00dfung durch Ga\u00ebtan Constantin, Leiter des Technologie-Standorts SpArk.<\/li>\n\n\n\n<li>18.15 Uhr Vortrag \u00fcber Hypoxietraining, Modelle und Methoden von Gr\u00e9goire Millet, Professor an der Universit\u00e4t Lausanne<\/li>\n\n\n\n<li>18.45 Uhr Praktische F\u00e4lle und Beispiele mit:\n<ul class=\"wp-block-list\">\n<li>Arnaud Rapillard (Next Percent), der \u00fcber seine Arbeit mit einer Medaillengewinnerin berichten wird.<\/li>\n\n\n\n<li>Patrick Flaction (Elitment), der seine Erfahrungen mit Spitzenskifahrern teilt.<\/li>\n\n\n\n<li>Audrey Chaperon (Elitment), die \u00fcber die Fechterin der Nationalmannschaft, Angeline Favre, sprechen wird.<\/li>\n\n\n\n<li>William D\u00e9glise (Swiss Ski Mountaineering SAC), der seine Erfahrungen mit dem nationalen Schweizer Nachwuchs im Skibergsteigen teilen wird.<\/li>\n<\/ul>\n<\/li>\n\n\n\n<li>19.30 Uhr Podiumsdiskussion mit Arnaud Rapillard, Audrey Chaperon, William D\u00e9glise, Gr\u00e9goire Millet und Patrick Flaction.<\/li>\n\n\n\n<li>20.00 Uhr Aperitif &amp; Networking<\/li>\n<\/ul>\n\n\n\n<p>Praktische Infos :<\/p>\n\n\n\n<p>\ud83d\udcc5 Datum: Dienstag, 1. April 2025<br>\u23f0 Uhrzeit: 18.00 &#8211; 20.00 Uhr<br>\ud83d\udccd Ort: Aula Campus Energypolis, Rue de l&#8217;Industrie 23, Sion.<\/p>\n\n\n\n<p>Eine Veranstaltung in Zusammenarbeit mit Elitment und Next Percent<\/p>\n","protected":false},"featured_media":3344,"template":"","meta":{"_acf_changed":false},"class_list":["post-3826","event","type-event","status-publish","has-post-thumbnail","hentry"],"acf":[],"_links":{"self":[{"href":"https:\/\/spark-valais.ch\/de\/wp-json\/wp\/v2\/event\/3826","targetHints":{"allow":["GET"]}}],"collection":[{"href":"https:\/\/spark-valais.ch\/de\/wp-json\/wp\/v2\/event"}],"about":[{"href":"https:\/\/spark-valais.ch\/de\/wp-json\/wp\/v2\/types\/event"}],"wp:featuredmedia":[{"embeddable":true,"href":"https:\/\/spark-valais.ch\/de\/wp-json\/wp\/v2\/media\/3344"}],"wp:attachment":[{"href":"https:\/\/spark-valais.ch\/de\/wp-json\/wp\/v2\/media?parent=3826"}],"curies":[{"name":"wp","href":"https:\/\/api.w.org\/{rel}","templated":true}]}}

Konferenz über die Integration von Hypoxie in das Hochleistungstraining

<p><strong>Das Hypoxie-Training hat sich als ein Schlüsselhebel zur Optimierung der Leistung von Spitzensportlern etabliert. Aber wie lässt es sich effektiv in die sportliche Vorbereitung integrieren? Welche Modelle und Methoden sind am relevantesten? Welche konkreten Vorteile ergeben sich für Disziplinen wie Ski Alpin, Radsport oder Fechten?</strong></p>



<p>Auf dem Programm stehen:</p>



<p>Bei dieser Konferenz kommen Experten auf diesem Gebiet zusammen, um Antworten auf diese Fragen zu geben und konkrete Erfahrungsberichte auszutauschen. Grégoire Millet, Professor an der Universität Lausanne und anerkannter Spezialist für Training unter hypoxischen Bedingungen, wird die neuesten wissenschaftlichen Fortschritte und die besten Anwendungsstrategien vorstellen.</p>



<p>Danach folgen Fallbeispiele aus der Praxis mit Arnaud Rapillard (Next Percent), der über seine Arbeit mit einer Medaillengewinnerin berichten wird, Patrick Flaction (Elitment), der seine Erfahrungen mit Spitzenskifahrern teilen wird, Audrey Chaperon (Elitment), die über die Fechterin der Nationalmannschaft, Angeline Favre, sprechen wird, und William Déglise (Swiss Team-Swiss Ski Mountaineering-CAS/SAC), der seine Erfahrungen mit der Integration von Hypoxie in das Training junger Skibergsteiger vorstellen wird.</p>



<p>Der Abend endet mit einem gemütlichen Aperitif, der den Austausch zwischen Teilnehmern und Experten fördert.</p>



<p>Kommen Sie zu uns und erkunden Sie die Perspektiven, die das Hypoxietraining bietet, und bereichern Sie Ihren Ansatz zur sportlichen Leistung!</p>



<p></p>



<p>Auf der Tagesordnung:</p>



<ul class="wp-block-list">
<li>18.00 Uhr Empfang und Begrüßung durch Gaëtan Constantin, Leiter des Technologie-Standorts SpArk.</li>



<li>18.15 Uhr Vortrag über Hypoxietraining, Modelle und Methoden von Grégoire Millet, Professor an der Universität Lausanne</li>



<li>18.45 Uhr Praktische Fälle und Beispiele mit:
<ul class="wp-block-list">
<li>Arnaud Rapillard (Next Percent), der über seine Arbeit mit einer Medaillengewinnerin berichten wird.</li>



<li>Patrick Flaction (Elitment), der seine Erfahrungen mit Spitzenskifahrern teilt.</li>



<li>Audrey Chaperon (Elitment), die über die Fechterin der Nationalmannschaft, Angeline Favre, sprechen wird.</li>



<li>William Déglise (Swiss Ski Mountaineering SAC), der seine Erfahrungen mit dem nationalen Schweizer Nachwuchs im Skibergsteigen teilen wird.</li>
</ul>
</li>



<li>19.30 Uhr Podiumsdiskussion mit Arnaud Rapillard, Audrey Chaperon, William Déglise, Grégoire Millet und Patrick Flaction.</li>



<li>20.00 Uhr Aperitif &amp; Networking</li>
</ul>



<p>Praktische Infos :</p>



<p>📅 Datum: Dienstag, 1. April 2025<br>⏰ Uhrzeit: 18.00 &#8211; 20.00 Uhr<br>📍 Ort: Aula Campus Energypolis, Rue de l&#8217;Industrie 23, Sion.</p>



<p>Eine Veranstaltung in Zusammenarbeit mit Elitment und Next Percent</p>
